 22. Give a(9).
4
Let q(u) = u**2 + u + 49. Give q(0).
49
Let g(l) = -l - 4. Calculate g(0).
-4
Let o(w) = w**3 - 5*w**2 - 3*w - 6. Give o(6).
12
Let u(f) = 4*f + 123. What is u(-31)?
-1
Let p(o) = -3*o - 22. What is p(-6)?
-4
Let j(x) = -x**2 + 4*x + 113. Calculate j(13).
-4
Let s(f) = -f**3 + 5*f**2 + 13*f - 3. Calculate s(7).
-10
Let x(o) = -2*o - 28. Give x(-21).
14
Let p(s) = 21*s + 180. What is p(-8)?
12
Let w(r) = -6*r**2 + 12*r. Determine w(2).
0
Let r(k) = k**2 + 2*k - 31. Calculate r(6).
17
Let z(c) = 4*c**2 + 55*c + 9. Determine z(-14).
23
Let f(l) = l**3 + 7*l**2 + 7*l - 5. What is f(-6)?
-11
Let d(q) = -q**2 + 26*q - 26. Give d(25).
-1
Let z(g) = 143*g + 1283. Determine z(-9).
-4
Let m(s) = 3*s + 4. Give m(-8).
-20
Let n(w) = -w**2 - 2*w + 2. Give n(-2).
2
Let z(q) = 3*q**2 + 25*q + 46. What is z(-4)?
-6
Let f(o) = o**2 - 6*o + 2. Give f(0).
2
Let v(t) = -t**3 + 24*t**2 - 97*t + 15. What is v(19)?
-23
Let j(y) = -32*y - 6. Give j(-1).
26
Let b(o) = 2*o**2 + 17*o + 52. Calculate b(-6).
22
Let m(y) = y**2 + 2*y - 190. What is m(-15)?
5
Let t(p) = 6*p**2 - 10*p - 98. What is t(5)?
2
Let c(i) = -2*i**2 - 9*i - 23. Determine c(-5).
-28
Let y(x) = x**2 + 23*x + 123. What is y(-11)?
-9
Let f(d) = d**3 - 30*d**2 - d + 10. Determine f(30).
-20
Let r(a) = 536*a + 541. Give r(-1).
5
Let r(v) = v - 40. Calculate r(0).
-40
Let g(x) = 5*x + 36. Give g(-23).
-79
Let p(g) = g + 22. Give p(-10).
12
Let l(h) = h**3 - 15*h**2 + 10*h + 50. Give l(14).
-6
Let q(i) = 4*i + 9. What is q(8)?
41
Let p(d) = -12*d + 48. Determine p(4).
0
Let n(q) = -q + 13. Determine n(9).
4
Let c(f) = 16*f**3 - f**2 + 3*f - 2. What is c(1)?
16
Let l(m) = -3*m**2 - 4*m + 4. Give l(-4).
-28
Let f(d) = -d**2 - 28*d - 28. Give f(-27).
-1
Let n(u) = 4*u**2 - 40*u + 12. Calculate n(10).
12
Let p(f) = f**2 - 2*f - 5. Determine p(6).
19
Let g(m) = -m**2 + 7*m + 123. Calculate g(15).
3
Let u(p) = 4*p**2 - 6*p + 3. Give u(3).
21
Let d(r) = r**3 - 14*r**2 - r + 7. Determine d(14).
-7
Let x(v) = -2*v**3 - 9*v + 5. Give x(0).
5
Let r(f) = -f - 7. Calculate r(-7).
0
Let i(p) = -p - 7. Give i(-2).
-5
Let k(q) = -2*q + 23. Determine k(4).
15
Let a(d) = d + 1. Calculate a(0).
1
Let x(c) = -2*c**2 - 24*c - 19. What is x(-10)?
21
Let x(m) = -9*m + 142. Calculate x(16).
-2
Let o(l) = -7*l**3 - l**2 - 3*l - 2. Calculate o(-1).
7
Let k(n) = -n**3 - 11*n**2 + 13*n + 2. Determine k(-12).
-10
Let n(j) = -43*j + 3. Determine n(1).
-40
Let t(j) = -j**3 - 20*j**2 + 18*j - 16. Determine t(-21).
47
Let x(u) = -21*u + 47. Calculate x(11).
-184
Let f(d) = 106*d + 851. Calculate f(-8).
3
Let g(w) = -w**3 - 9*w**2 + 8*w + 7. Calculate g(-7).
-147
Let b(g) = g**2 - 3*g + 5. What is b(3)?
5
Let p(l) = -2*l**3 + 4*l**2 + 4. Give p(3).
-14
Let o(x) = -x**2 + 21*x - 24. Determine o(20).
-4
Let l(a) = -3*a + 113. Give l(32).
17
Let k(g) = -3*g**3 - 3*g + 3. Give k(2).
-27
Let i(t) = 2*t**2 - 2*t - 1. Calculate i(4).
23
Let r(y) = y**2 + 14*y - 1. Calculate r(-12).
-25
Let p(r) = -r + 28. What is p(-9)?
37
Let j(g) = -15*g. Give j(-3).
45
Let h(s) = 2*s + 44. What is h(-24)?
-4
Let d(v) = 3*v - 11. Calculate d(7).
10
Let w(s) = s**2 - 8*s + 68. Give w(0).
68
Let r(x) = x**2 + 5*x - 17. Calculate r(-8).
7
Let k(a) = -a - 21. What is k(-20)?
-1
Let y(j) = -j + 12. What is y(-4)?
16
Let w(r) = -2*r**3 + 4*r**2 + 9*r - 12. Calculate w(3).
-3
Let p(g) = g**3 + 2*g**2 - 3*g - 10. What is p(3)?
26
Let t(f) = -f**2 + 4*f + 49. Calculate t(9).
4
Let h(q) = -q**3 - 8*q**2 + 5*q + 5. What is h(-9)?
41
Let a(r) = -33*r + 18. Determine a(1).
-15
Let z(w) = -7*w - 106. Calculate z(-14).
-8
Let n(p) = p**2 + 15*p - 29. Determine n(-18).
25
Let n(c) = -2*c**2 + 25*c - 30. Determine n(11).
3
Let u(h) = h**2 - 33*h - 334. Determine u(41).
-6
Let k(t) = -3*t - 12. What is k(-6)?
6
Let f(l) = l**2 - 12*l - 16. What is f(13)?
-3
Let w(g) = g + 3. Determine w(7).
10
Let b(m) = -4*m - 4. What is b(2)?
-12
Let d(q) = -5*q - 169. Calculate d(-33).
-4
Let j(g) = -g**3 + 13*g**2 - g - 17. Calculate j(13).
-30
Let c(w) = -w**3 - 9*w**2 + 7*w - 4. What is c(-9)?
-67
Let q(r) = -r**2 + 3*r + 16. What is q(7)?
-12
Let c(f) = 4*f + 16. Give c(-3).
4
Let s(x) = 11*x + 38. Calculate s(-8).
-50
Let m(c) = 4*c - 202. Give m(49).
-6
Let z(j) = 2*j**2 + 1. Determine z(2).
9
Let m(p) = -p**3 + 10*p**2 - 8*p - 9. Calculate m(9).
0
Let w(z) = -72*z - 370. Determine w(-5).
-10
Let b(s) = -s**3 - 45*s**2 - 45*s - 35. Calculate b(-44).
9
Let q(f) = f**3 + 6*f**2 + 3*f. Calculate q(-5).
10
Let j(d) = -2*d - 2. Calculate j(-5).
8
Let i(f) = f**2 + 10*f - 14. Determine i(-10).
-14
Let n(v) = v**3 + v**2 + v - 44. Calculate n(0).
-44
Let i(t) = 2*t**2 - 53*t - 56. What is i(27)?
-29
Let t(y) = -y**3 - 5*y**2 - 4*y - 2. Determine t(-4).
-2
Let w(s) = s**3 + 6*s**2 - 41*s - 19. Give w(-10).
-9
Let i(f) = f**3 - 8*f**2 + 7*f + 6. What is i(8)?
62
Let u(h) = -h**3 - 5*h**2 - 6*h + 7. Calculate u(-4).
15
Let l(k) = -k**3 + 15*k**2 - 17*k + 33. Calculate l(14).
-9
Let q(k) = -13*k**2 + k + 24. Determine q(-4).
-188
Let k(q) = q**3 + 2*q**2 - 3*q - 2. Calculate k(-3).
-2
Let f(b) = -5*b - 4. Give f(-11).
51
Let r(g) = g**2 + 4*g - 5. Calculate r(-5).
0
Let h(b) = -4*b + 37. Give h(18).
-35
Let i(a) = a**3 - 12*a**2 + 16*a - 16. Give i(11).
39
Let b(i) = -i**3 - 4*i**2 - 3*i - 4. What is b(-5)?
36
Let d(m) = -m**2 - 11*m - 20. What is d(-8)?
4
Let g(t) = -3*t + 2. Give g(-3).
11
Let d(z) = -z**2 - 13*z - 2. Give d(-12).
10
Let o(n) = n + 10. Determine o(-6).
4
Let d(l) = l**2 + 21*l + 60. What is d(-3)?
6
Let p(b) = 7*b - 17. Calculate p(-7).
-66
Let i(h) = -2*h**3 - 19*h**2 + 11*h + 7. Calculate i(-10).
-3
Let s(o) = -o**3 - 4*o**2 + 11*o. Calculate s(-6).
6
Let q(g) = -18*g + 160. What is q(9)?
-2
Let q(v) = -2*v**2 + 7*v - 2. What is q(7)?
-51
Let k(q) = q**3 + 7*q**2 - 39. Give k(-6).
-3
Let v(t) = 9*t - 9. Give v(4).
27
Let i(t) = t**3 + 14*t**2 + t - 17. Determine i(-14).
-31
Let d(p) = 3*p**3 - p**2 - 3*p + 1. Calculate d(-2).
-21
Let j(q) = -21*q - 4. Calculate j(-4).
80
Let a(k) = 50*k + 250. Give a(-5).
0
Let z(g) = -g**3 - 2*g**2 + g + 1. Calculate z(-3).
7
Let g(z) = 3*z + 40. Calculate g(-12).
4
Let h(y) = -y**2 + 16*y - 27. Calculate h(14).
1
Let r(p) = 2*p**3 - p + 4. Calculate r(2).
18
Let i(z) = -z**3 + 6*z**2 + z. What is i(6)?
6
Let h(b) = -11*b + 587. Determine h(54).
-7
Let s(r) = -r**2 - 6*r + 54. Determine s(-11).
-1
Let p(w) = -w**3 - 6*w**2 + 4. What is p(-6)?
4
Let i(t) = -5*t + 11. What is i(5)?
-14
Let k(x) = -x**2 - 11*x + 13. Calculate k(6).
-89
Let k(q) = q**3 - 10*q**2 - 9*q - 8. What is k(11)?
14
Let b(j) = -3*j**2 + 25*j - 51. Determine b(2).
-13
Let q(x) = -x**2 - 15*x + 24. Calculate q(-15).
24
Let z(o) = 3*o**2 + 31*o + 30. What is z(-10)?
20
Let h(o) = 62*o + 1. What is h(-1)?
-61
Let i(s) = -2*s**3 + 5*s**2 + 2*s - 6. Give i(4).
-46
Let l(g) = 3*g - 39. Give l(14).
3
Let x(h) = -3*h. Give x(-1).
3
Let z(v) = -5*v + 12. Determine z(-11).
67
Let g(w) = -w**3 - 5*w**2 + 7*w + 40. Determine g(-6).
34
Let i(p) = 3*p**2 + 18*p + 8. Determine i(-7).
29
Let w(s) = s**2 - 6*s. Determine w(7).
7
Let b(w) = -w**3 - 8*w**2 - 9*w + 3. Give b(-7).
17
Let j(h) = -4*h + 8. What is j(9)?
-28
Let g(f) = 4*f - 22. Calculate g(6).
2
Let t(k) = k**3 - 7*k**2 + 8*k - 12. Calculate t(6).
0
Let d(c) = 15*c + 117. What is d(-9)?
-18
Let y(i) = -21*i**3 - 3*i - 2. What is y(-1)?
22
Let b(j) = j**2 + 2. Calculate b(0).
2
Let s(d) = -18*d + 12. Give s(3).
-42
Let o(i) = 5*i - 27. Calculate o(5).
-2
Let c(x) = 3*x + 31. Determine c(-19).
-26
Let r(s) = -s**3 - 6*s**2 + s + 1. Calculate r(-6).
-5
Let t(v) = -v + 13. Give t(0).
13
Let k(w) = -w**3 - 7*w**2 + 14*w + 47. Determine k(-8).
-1
Let i(g) = -2*g**2 + 30*g + 109. Determine i(18).
1
Let l(o) = -o**3 - 5*o**2 - 5*o - 3. What is l(-3)?
-6
Let n(s) = -s**3 - 6*s**2 - 3*s - 14. Calculate n(-5).
-24
Let t(l) = -l**3 + 6*l**2 - 7*l + 4. Calculate t(4).
8
Let f(l) = -l - 5. Calculate f(-9).
4
Let a(d) = -d**3 - d**2 - d. Give a(-2).
6
Let w(l) = -2*l**2 - 12*l + 22. Determine w(-7).
8
Let a(t) = 2*t**3 + 22*t**2 + 7*t + 8. Determine a(-11).
-69
Let l(m) = m**3 - 6*m**2 - 12*m - 2. Determine l(-2).
-10
Let w(u) = -u**2 + 8*u - 10. Calculate w(5).
5
Let q(i) = i**2 - 8*i - 17. What is q(11)?
16
Let c(l) = l